56 + 776 - 1517 + 2*v + 2*v**2. List the prime factors of c(-8).
127
Suppose -5*u + 29641 = z - 16695, 4*u - 37052 = -5*z. What are the prime factors of u?
2, 7, 331
Let j(q) = 3 + 9 - q**3 + 328*q**2 - 320*q**2 + 12*q - 2. Suppose 0 = 2*o + 2 - 18. What are the prime factors of j(o)?
2, 53
Suppose 23*b = -17200 + 318. Let x = b + 1226. List the prime factors of x.
2, 3, 41
Let r(k) = 4*k - 7. Suppose 0 = 3*v + l - 7, 0*l + 2 = 4*v + 5*l. Let x be r(v). Suppose x*w - 9 + 45 = 3*s, 0 = s - 2*w - 13. List the prime factors of s.
7
Let r(j) = 1751*j - 267. What are the prime factors of r(8)?
7, 13, 151
Suppose -q = -2*q - n + 1313, 5257 = 4*q + 5*n. Suppose 27*i - 303 = -s + 22*i, 4*s - q = 4*i. List the prime factors of s.
17, 19
Let b(m) = -35*m - 2. Let i be b(-16). Suppose 2*k - 8*k = -i. Let d = k - 71. List the prime factors of d.
2, 11
Let q be (5/15)/(3/63). Suppose -4*r + 90 = -q*r. What are the prime factors of 10/r - 50/(-6)?
2
What are the prime factors of (-379002)/(-52) + (-9)/6*-1?
2, 3, 5
Let c(m) = 210*m**2 - 54*m + 483. List the prime factors of c(11).
3, 937
Suppose v - 325 = -0*v. Let r be 700/4550 + (-100)/(-26). Suppose -r*n + v = -19. List the prime factors of n.
2, 43
Let t(u) = u**2 - 7*u + 15. Let s be 28/5*(6 - 28/8). Suppose -f - 7*z = -2*z - s, -5*f = 2*z - 70. List the prime factors of t(f).
113
Suppose 0 = 3*f - 9, 0 = -4*s - f + 2269 - 898. Suppose 5*h - x - s = 0, 12 = -5*h - 3*x + 346. Let p = -19 + h. What are the prime factors of p?
7
Let y(v) = -4*v + 31. Let t(i) = i**3 + 22*i**2 - 20*i + 63. Let d be t(-23). List the prime factors of y(d).
5, 11
Let s(d) = 18*d - 45. Let q be s(2). What are the prime factors of 7456/22 - q/99?
3, 113
Suppose -5*v = -16*v - 4169. Let c = -49 - v. What are the prime factors of c?
2, 3, 5, 11
What are the prime factors of (31976/3 - -18)*(-12)/(-8)?
5, 3203
Suppose -35*q = -40*q + o + 105, 3*q + 2*o = 76. Suppose q*f = 16*f + 5502. What are the prime factors of f?
7, 131
Suppose 47308 = 3*w - 4*b, 0 = 2*w + 645*b - 643*b - 31548. What are the prime factors of w?
2, 3943
Let h(c) = 12*c**2 - 70*c + 583. What are the prime factors of h(-42)?
24691
Suppose -97*o + 2171623 + 289982 = 588826. What are the prime factors of o?
43, 449
Let z(b) = -b**2 - 5*b + 16. Let y be z(-5). Let w = y - 20. Let i(f) = -2*f**3 + 3*f**2 + 2*f - 8. What are the prime factors of i(w)?
2, 5
Suppose 5*p = 5*k - 3*k - 3, -3*p = -k + 2. Let r be 16/6*3 - p. Suppose -4*q - 15 = -r*q. List the prime factors of q.
3
Let w = 92 + -52. Let i be 2/5 - w/100. Suppose -5*x + o = -87, i = 3*x - 3*o - 62 + 17. List the prime factors of x.
2, 3
Suppose 6 = -2*c + 2. Let a(q) = -2*q**2 + 29*q - 11. Let v(r) = r**2 - 14*r + 5. Let o(d) = c*a(d) - 5*v(d). What are the prime factors of o(5)?
2
Let s(v) = -9*v + 3 + v**3 - 2*v**3 + 6*v**2 + 5*v**2 - 4*v**2. Let j be s(2). Suppose 2*t = 5*c + 366, t + j*c = -0*t + 198. What are the prime factors of t?
2, 47
What are the prime factors of -60*((-4)/32)/((-6)/(-1356))?
3, 5, 113
List the prime factors of (0 - -2) + 13343 - (-288 - -287).
2, 6673
Suppose -548*w + 54315 = -545*w. What are the prime factors of w?
3, 5, 17, 71
Let o = -183 + 118. Let h = o + 197. Suppose -4*a + h = -0*a. List the prime factors of a.
3, 11
Suppose -3*x = 11*i - 8*i + 324, -i - 108 = 5*x. What are the prime factors of 12/i - (1300/18)/(-2)?
2, 3
Let a(c) = -25*c**3 + 3*c**2 + 4*c + 132. List the prime factors of a(-7).
2, 3, 1471
Let c = 31780 - 15674. List the prime factors of c.
2, 8053
Let i be 3306/26 + ((-45)/39 - -1). What are the prime factors of (-12*i/(-16))/(1/4)?
3, 127
Suppose 63 = 7*b - 42. Let x be (-1)/(b/85)*-3. Suppose -20*o = -x*o - 102. List the prime factors of o.
2, 17
What are the prime factors of 9517 - ((-2 - (-35)/7) + 2)?
2, 29, 41
Let p = 19400 + -2389. What are the prime factors of p?
17011
Suppose y + 5 = 0, m - 5*y = 5*m + 25. Suppose 3*x - 3*b = -0*b + 723, m = 2*x + 4*b - 506. Suppose 1262 = 11*s - x. List the prime factors of s.
137
Suppose 4493 = 21*r - 3109. Let l = -92 + r. What are the prime factors of l?
2, 3, 5
Let l be (1362/(-7))/((-45)/14 + 3). Suppose 7*q - 8262 = l. What are the prime factors of q?
2, 5, 131
Let s(o) = -o**2 + 7*o - 10. Let c be s(5). Let h = 3 + c. Suppose 0 = h*a - 52 + 19. What are the prime factors of a?
11
List the prime factors of 11697/21*(-183 - 1)/(-2) + 5.
3, 11, 1553
Let x = 4 - 1. Let m = 99 - 99. Suppose 2*n - 81 = -i - 2*i, m = x*i - n - 90. List the prime factors of i.
29
Let q(l) = -679*l + 2. Let u be q(-4). Let r be u/(-8) - (-11)/(-44). What are the prime factors of -1*r/(-8)*-2?
5, 17
Let g(t) = -3*t**2 + 31*t + 35. Let k be g(16). Let h = 70 - k. List the prime factors of h.
307
Suppose -3*m = -3*z, z - m = 4*m. Suppose 4*k - 2024 = -4*y, z = 6*y - y. What are the prime factors of k?
2, 11, 23
Let l(n) = -8*n**2 + 81*n + 16. Let v(a) = -4*a**2 + 40*a + 9. Let r(b) = -6*l(b) + 11*v(b). What are the prime factors of r(17)?
13, 29
Suppose f + 44*b - 42*b - 11755 = 0, 5*f - 4*b = 58859. List the prime factors of f.
7, 41
Suppose 211*i = 193*i + 88416. Let w = -3408 + i. List the prime factors of w.
2, 47
Let v = 440 + -304. Suppose 4*j = -3*w + w + v, 3*j + 43 = w. What are the prime factors of w?
2, 29
Let c(y) = -y + 25. Let f be c(20). Suppose f*p = -3*b + 4437, -4*p = -5*p + 2*b + 877. Suppose -p - 195 = -6*t. What are the prime factors of t?
2, 3, 5
Suppose 85*q = -52*q + 22013 + 184446. What are the prime factors of q?
11, 137
Let m(i) = -247*i + 2. Let d be m(-1). Suppose 3*k - d = 4*g - 67, -k - 86 = 2*g. Let w = g + 125. List the prime factors of w.
3
Let v = -37 + 45. Suppose p - v*p = -2058. List the prime factors of p.
2, 3, 7
Suppose 0 = 49*r - 38*r - 19096. Suppose -22*b = -18*b - r. What are the prime factors of b?
2, 7, 31
Suppose 4*p + 13*p - 203094 = 171705. What are the prime factors of p?
3, 7349
Suppose 4*g + 2432 = 2*z - 22820, 3*z = -5*g + 37867. What are the prime factors of z?
2, 3, 263
Let t(u) = 34*u**3 - 8*u**2 - 6*u - 5. Let j be t(-3). Let m = 1834 + j. List the prime factors of m.
857
Suppose 0 = -4*j - 7 - 21. Let a(q) = q**3 + 9*q**2 - 3*q - 2. Let r be a(j). Suppose -3*i - 3*u = -252, 45 + r = 2*i + 4*u. List the prime factors of i.
3, 29
Let z(w) = -2*w**2 - 18*w - 3. Suppose -3*a - r = -4*r + 30, 3*a - r + 26 = 0. List the prime factors of z(a).
13
Suppose 121531 = 18*a - 464356 - 78277. What are the prime factors of a?
2, 19, 971
Suppose 49*c = 55*c + 2106. Let t = -181 - c. List the prime factors of t.
2, 5, 17
Let p be 6/12*(34/2 + -1). Let v(r) = -16 + p + 4 - 9*r + 2. List the prime factors of v(-6).
2, 13
Let q be (2/((-1)/(-6)*4))/1. Suppose 2*v + 57 = -t, q*t - 2*v = -5*v - 186. Let h = t - -306. List the prime factors of h.
239
Let i(q) = -q**2 - 23*q + 5. Let m be i(-23). Suppose -m*a - 9*g = -10*g - 4605, a - 927 = -g. What are the prime factors of a?
2, 461
Suppose 4*m + h - 1606 = 3*m, -5*m - 3*h + 8040 = 0. List the prime factors of m.
3, 179
Let b(g) = -g - 86. Let z be b(-12). Let r = z + 265. List the prime factors of r.
191
Let s(m) = 13*m**3 - 18*m**2 - 38*m + 248. List the prime factors of s(12).
2, 1229
Let z = -19 - -19. Suppose 604 = h + 3*h - 4*r, -3*h - 4*r + 418 = z. Let q = h - 80. List the prime factors of q.
2, 3, 11
Suppose -24*v + 1345 = -r - 28*v, 0 = 3*r + 3*v + 3990. Let g = -928 - r. List the prime factors of g.
397
What are the prime factors of (3 + -3 + 1)*(579 - 6)?
3, 191
Let l(q) = q**3 + 18*q**2 - 59*q + 25. Let c(t) = -t**2 - t + 2. Let r be c(-5). List the prime factors of l(r).
1087
Suppose 5 = -35*o + 30*o, 0 = -4*i + 3*o - 197. Let u = i - -917. List the prime factors of u.
3, 17
Let y be (-1)/5 - ((-22176)/10)/(-12). Let d = y + 404. What are the prime factors of d?
3, 73
List the prime factors of 5/(2 - 7) + -6 - (-20337 + -10).
2, 3, 5, 113
Let s = -92121 - -153033. List the prime factors of s.
2, 3, 47
Let r = 2040 - 1219. Let q = 1719 - r. What are the prime factors of q?
2, 449
Suppose 48*h - 7670 - 46858 = 0. What are the prime factors of h?
2, 71
Suppose 24*k - 29*k = -1205. Suppose 0 = -2*h + k + 109. Let m = -81 + h. What are the prime factors of m?
2, 47
Let j(k) be the second derivative of k**5/10 - k**4/4 + 8*k**3/3 - 45*k